{"id":567,"date":"2017-12-25T19:44:25","date_gmt":"2017-12-25T18:44:25","guid":{"rendered":"http:\/\/www.ganeshadreamstore.centreganesha.com\/store\/?post_type=product&#038;p=567"},"modified":"2021-05-06T15:26:12","modified_gmt":"2021-05-06T13:26:12","slug":"pyramide-en-pierre-semi-precieuse","status":"publish","type":"product","link":"https:\/\/ganeshadreamstore.centreganesha.com\/store\/produit\/pyramide-en-pierre-semi-precieuse\/","title":{"rendered":"Pyramide en Pierre Semi-precieuse"},"content":{"rendered":"<p>Depuis les temps anciens,\u00a0<strong>les pyramides d&rsquo;Egypte ont \u00e9t\u00e9 reconnues comme de puissantes structures de conception<\/strong>\u00a0qui relient toutes sortes de forces \u00e9nerg\u00e9tiques. Il existe de nombreuses preuves scientifiques qui montrent que la g\u00e9om\u00e9trie des pyramides poss\u00e8de d&rsquo;importantes forces de gu\u00e9rison.<\/p>\n<p>Lorsque vous observez les diagrammes d&rsquo;\u00e9coulement d&rsquo;\u00e9nergie dans une pyramide en la cartographiant \u00e0 l&rsquo;aide de la\u00a0<em>Photographie Kirlian<\/em>, vous verrez qu&rsquo;il y a globalement deux ph\u00e9nom\u00e8nes sp\u00e9cifiques. Vous verrez une concentration d&rsquo;\u00e9nergie qui se produit autour de l&rsquo;axe vertical passant par le sommet de la pyramide (\u00e0 1\/3 de la hauteur de sa base). Vous pouvez \u00e9galement voir l&rsquo;\u00e9nergie qui sort du sommet de la pyramide en forme de spirale.<\/p>\n<p><strong>Chacune des pierres poss\u00e8de des vertus particuli\u00e8res, voici plus d&rsquo;informations :<\/strong><\/p>\n<p><strong>Am\u00e9thyste<\/strong>\u00a0&#8211; Elle aide \u00e0 d\u00e9velopper votre intuition et votre\u00a0sens de la connaissance int\u00e9rieure. Elle stimule la connaissance et apaise l&rsquo;esprit des\u00a0\u00e9motions.<\/p>\n<p><strong>Quartz rose<\/strong>\u00a0&#8211; Il porte l&rsquo;\u00e9nergie de la compassion, de la paix, de la tendresse, de la gu\u00e9rison et du confort. Il dissout les blessures \u00e9motionnelles, les craintes et les ressentiments.<\/p>\n<p><strong>Aventurine verte<\/strong>\u00a0&#8211; Elle est connue comme \u00ab\u00a0la pierre de l&rsquo;opportunit\u00e9\u00a0\u00bb car elle porte chance en particulier dans le domaine de la prosp\u00e9rit\u00e9 et de la richesse, ou pour le succ\u00e8s dans les comp\u00e9titions ou les jeux de hasard<\/p>\n<p><strong>Obsidienne noire<\/strong>\u00a0&#8211; Elle a des propri\u00e9t\u00e9s curatives puissantes. C&rsquo;est un nettoyant puissant du brouillard\u00a0psychique pouvant \u00eatre pr\u00e9sent dans l&rsquo;aura. C&rsquo;est une pierre de protection psychique forte. Excellente pour \u00e9liminer la n\u00e9gativit\u00e9.<\/p>\n<p><strong>Oeil de Tigre<\/strong>\u00a0&#8211; Pierre de protection qui am\u00e9liore l&rsquo;int\u00e9grit\u00e9, la volont\u00e9, la confiance en soi, le passage \u00e0 l&rsquo;action et l&rsquo;utilisation correcte du pouvoir.<\/p>\n<p><strong>Jaspe rouge<\/strong>\u00a0&#8211; connue comme la pierre de l&rsquo;endurance apportant la force physique et l&rsquo;\u00e9nergie, l&rsquo;endurance et la d\u00e9termination.<\/p>\n<p><strong>Fluorite<\/strong>\u00a0&#8211; \u00ab\u00a0La pierre du G\u00e9nie\u00a0\u00bb, la fluorite repr\u00e9sente l&rsquo;\u00e9tat le plus \u00e9lev\u00e9 de la r\u00e9ussite mentale, stimulant l&rsquo;aptitude et le discernement, l&rsquo;absorption de nouvelles informations. Elle soutient la spiritualit\u00e9 et la pens\u00e9e, le focus et la concentration et l&rsquo;\u00e9quilibre dans tous les aspects de sa vie.<\/p>\n<p><strong>Quartz clair<\/strong>\u00a0&#8211; Il peut \u00eatre utilis\u00e9 pour nettoyer\/charger toutes vos\u00a0autres pierres\/cristaux. Il a \u00e9t\u00e9 appel\u00e9 le \u00ab\u00a0cristal universel\u00a0\u00bb en raison de ses nombreuses utilisations. Il am\u00e9liore l&rsquo;\u00e9nergie en absorbant, stockant, amplifiant, \u00e9quilibrant, focalisant, transmettant. Il canalise l&rsquo;\u00e9nergie universelle.<\/p>\n<p><strong>Opale &#8211;<\/strong>\u00a0Cette pierre a une action extr\u00eamement \u00e9nerg\u00e9tique et attise le feu int\u00e9rieur. Elle rend dynamique, impulsif et enthousiaste.<\/p>\n<p><strong>Lapis Lazuli &#8211;\u00a0<\/strong>le\u00a0lapis lazuli\u00a0stimule la cr\u00e9ativit\u00e9, purifie le corps et \u00e9l\u00e8ve l&rsquo;esprit.<\/p>\n<p><strong>Nos stocks sont limit\u00e9s<\/strong>\u00a0et nous sommes souvent en rupture de stock.\u00a0Pensez \u00e0 en commander plusieurs. C&rsquo;est une tr\u00e8s bonne id\u00e9e d&rsquo;en offrir \u00e0 vos proches afin de les aider \u00e0 s&rsquo;initier aux bienfaits de la Lithoth\u00e9rapie.<\/p>\n<ul>\n<li>Poids de l&rsquo;article : environ 45g<\/li>\n<li>Taille : environ 40 x 40 x 36 mm<\/li>\n<li>Paquet\u00a0: pochette en velours<\/li>\n<\/ul>\n","protected":false},"excerpt":{"rendered":"<p>Centrez-vous et \u00e9quilibrez vos \u00e9nergies gr\u00e2ce\u00a0\u00e0 nos 8\u00a0<strong>Pyramides en Pierre Semi-pr\u00e9cieuse\u00a0 que vous pourrez charger en Energie Reiki.<\/strong><\/p>\n<p>Lorsque vous placez une pyramide de pierre naturelle sur votre bureau,\u00a0<strong>elle engendre des changements importants dans\u00a0l&rsquo;ensemble du champs \u00e9nerg\u00e9tique autour de vous<\/strong>. Ce changement de vibration vous permet de\u00a0<strong>rester plus concentr\u00e9<\/strong>\u00a0en travaillant et am\u00e9liore votre confort. Si vous l&rsquo;a mettez dans votre r\u00e9frig\u00e9rateur, elle am\u00e9liorera la conservation de vos aliments. Vous pouvez aussi simplement tenir votre pyramide dans votre main lorsque vous m\u00e9ditez, ou la d\u00e9poser sur vous lorsque vous vous relaxez. Certaines personnes choisissent une pierre parmi leur collection avant de dormir et l&rsquo;a mette \u00e0 proximit\u00e9 d&rsquo;eux pendant toute la nuit afin que celle-ci les aide \u00e0 retrouver leur \u00e9quilibre.<\/p>\n","protected":false},"featured_media":578,"template":"","meta":{"jetpack_post_was_ever_published":false,"jetpack_publicize_message":"","jetpack_publicize_feature_enabled":true,"jetpack_social_post_already_shared":false,"jetpack_social_options":{"image_generator_settings":{"template":"highway","default_image_id":0,"font":"","enabled":false},"version":2}},"product_brand":[],"product_cat":[23],"product_tag":[32,114,118,115,117,46,116,111,110,113,112],"class_list":{"0":"post-567","1":"product","2":"type-product","3":"status-publish","4":"has-post-thumbnail","6":"product_cat-fen-shui","7":"product_tag-amethyste","8":"product_tag-aventurine-verte","9":"product_tag-fluorite","10":"product_tag-jaspe-rouge","11":"product_tag-lapis-lazuli","12":"product_tag-obsidienne","13":"product_tag-oeil-de-tigre","14":"product_tag-opale","15":"product_tag-pyramide-en-pierre-semi-precieuse","16":"product_tag-quartz-clair","17":"product_tag-quartz-rose","19":"first","20":"outofstock","21":"sale","22":"shipping-taxable","23":"purchasable","24":"product-type-variable"},"jetpack_publicize_connections":[],"jetpack_sharing_enabled":true,"jetpack_likes_enabled":true,"jetpack-related-posts":[{"id":1132,"url":"https:\/\/ganeshadreamstore.centreganesha.com\/store\/produit\/pyramide-en-orgonite\/","url_meta":{"origin":567,"position":0},"title":"Pyramide en orgonite","author":"Centre Ganesha","date":"8 mai 2021","format":false,"excerpt":"2 mod\u00e8les : Pyramide\u00a0 arbre de vie, Pyramide OM 50mm, p\u00e9ridot et Malachite","rel":"","context":"Article similaire","block_context":{"text":"Article similaire","link":""},"img":{"alt_text":"","src":"https:\/\/i0.wp.com\/ganeshadreamstore.centreganesha.com\/store\/wp-content\/uploads\/2021\/05\/pyramide-orgonite5.jpg?fit=409%2C407&ssl=1&resize=350%2C200","width":350,"height":200},"classes":[]},{"id":532,"url":"https:\/\/ganeshadreamstore.centreganesha.com\/store\/produit\/pendule-en-cristal-de-roche\/","url_meta":{"origin":567,"position":1},"title":"Pendule en cristal de roche","author":"Centre Ganesha","date":"25 d\u00e9cembre 2017","format":false,"excerpt":"Pendule en cristal de roche pyramide pour pratiquer la radiesth\u00e9sie ou pour vos soins Reiki. Ce\u00a0Pendule en cristal de roche\u00a0vous permettra de d\u00e9tecter\u00a0les centres \u00e9nerg\u00e9tique de votre corps selon la\u00a0m\u00e9thode de la radiesth\u00e9sie. Il vous donnera des informations sur l'emplacement et l'\u00e9quilibre de chaque Chakra. Savoir o\u00f9 se situent vos\u2026","rel":"","context":"Article similaire","block_context":{"text":"Article similaire","link":""},"img":{"alt_text":"","src":"https:\/\/i0.wp.com\/ganeshadreamstore.centreganesha.com\/store\/wp-content\/uploads\/2017\/12\/pendule-cristal-de-roche2.jpg?fit=685%2C655&ssl=1&resize=350%2C200","width":350,"height":200,"srcset":"https:\/\/i0.wp.com\/ganeshadreamstore.centreganesha.com\/store\/wp-content\/uploads\/2017\/12\/pendule-cristal-de-roche2.jpg?fit=685%2C655&ssl=1&resize=350%2C200 1x, https:\/\/i0.wp.com\/ganeshadreamstore.centreganesha.com\/store\/wp-content\/uploads\/2017\/12\/pendule-cristal-de-roche2.jpg?fit=685%2C655&ssl=1&resize=525%2C300 1.5x"},"classes":[]},{"id":524,"url":"https:\/\/ganeshadreamstore.centreganesha.com\/store\/produit\/pendule-en-pierre-pour-les-7-chakras\/","url_meta":{"origin":567,"position":2},"title":"Pendule  en pierre pour les 7 chakras","author":"Centre Ganesha","date":"25 d\u00e9cembre 2017","format":false,"excerpt":"Ce\u00a0Pendule \"Pierres des 7 Chakras\"\u00a0vous permettra de d\u00e9tecter\u00a0les centres \u00e9nerg\u00e9tique de votre corps selon la\u00a0m\u00e9thode de la radiesth\u00e9sie. Il vous donnera des informations sur l'emplacement et l'\u00e9quilibre de chaque Chakra. Savoir o\u00f9 se situent vos d\u00e9s\u00e9quilibres \u00e9nerg\u00e9tiques est la premi\u00e8re \u00e9tape pour pouvoir les traiter. D\u00e9tecter les d\u00e9s\u00e9quilibres \u00e9nerg\u00e9tiques des\u2026","rel":"","context":"Article similaire","block_context":{"text":"Article similaire","link":""},"img":{"alt_text":"","src":"https:\/\/i0.wp.com\/ganeshadreamstore.centreganesha.com\/store\/wp-content\/uploads\/2017\/12\/pendule-7-chakras2.jpg?fit=709%2C688&ssl=1&resize=350%2C200","width":350,"height":200,"srcset":"https:\/\/i0.wp.com\/ganeshadreamstore.centreganesha.com\/store\/wp-content\/uploads\/2017\/12\/pendule-7-chakras2.jpg?fit=709%2C688&ssl=1&resize=350%2C200 1x, https:\/\/i0.wp.com\/ganeshadreamstore.centreganesha.com\/store\/wp-content\/uploads\/2017\/12\/pendule-7-chakras2.jpg?fit=709%2C688&ssl=1&resize=525%2C300 1.5x, https:\/\/i0.wp.com\/ganeshadreamstore.centreganesha.com\/store\/wp-content\/uploads\/2017\/12\/pendule-7-chakras2.jpg?fit=709%2C688&ssl=1&resize=700%2C400 2x"},"classes":[]},{"id":1421,"url":"https:\/\/ganeshadreamstore.centreganesha.com\/store\/produit\/fleur-de-vie-en-bois\/","url_meta":{"origin":567,"position":3},"title":"Fleur de vie en bois","author":"Centre Ganesha","date":"26 d\u00e9cembre 2021","format":false,"excerpt":"G\u00e9om\u00e9trie sacr\u00e9e : Fleur de Vie Cette fleur de vie en bois et d\u00e9coup\u00e9e au laser vous apportera tous les bienfaits de son onde de forme. \u00c9paisseur: 5mm\u00a0 Taille: diam\u00e8tre: 14cm","rel":"","context":"Article similaire","block_context":{"text":"Article similaire","link":""},"img":{"alt_text":"","src":"https:\/\/i0.wp.com\/ganeshadreamstore.centreganesha.com\/store\/wp-content\/uploads\/2021\/12\/fleur-de-vie-en-bois.jpg?fit=346%2C346&ssl=1&resize=350%2C200","width":350,"height":200},"classes":[]},{"id":70,"url":"https:\/\/ganeshadreamstore.centreganesha.com\/store\/produit\/100g-de-pierres-damethyste-pour-la-guerison-ou-le-fenshui\/","url_meta":{"origin":567,"position":4},"title":"100g de Pierres d&rsquo;amethyste pour la guerison ou le fenshui","author":"Centre Ganesha","date":"24 d\u00e9cembre 2017","format":false,"excerpt":"100gr de Pierres d'am\u00e9thyste polie pour la gu\u00e9rison ou le fenshui Les vertus de l\u2019am\u00e9thyste sont apaisantes et purifiantes.\u00a0Elle \u00e9vacue le stress, calme l\u2019insomnie et favorise la concentration et la m\u00e9ditation.\u00a0C\u2019est une pierre tr\u00e8s b\u00e9n\u00e9fique pour le mental, qui permet de trouver l\u2019\u00e9quilibre et la s\u00e9r\u00e9nit\u00e9.\u00a0L\u00e9onard de Vinci \u00e9crivait d\u2019ailleurs\u2026","rel":"","context":"Article similaire","block_context":{"text":"Article similaire","link":""},"img":{"alt_text":"","src":"https:\/\/i0.wp.com\/ganeshadreamstore.centreganesha.com\/store\/wp-content\/uploads\/2017\/12\/pierre-dam%C3%A9thyste.jpg?fit=1000%2C1002&ssl=1&resize=350%2C200","width":350,"height":200,"srcset":"https:\/\/i0.wp.com\/ganeshadreamstore.centreganesha.com\/store\/wp-content\/uploads\/2017\/12\/pierre-dam%C3%A9thyste.jpg?fit=1000%2C1002&ssl=1&resize=350%2C200 1x, https:\/\/i0.wp.com\/ganeshadreamstore.centreganesha.com\/store\/wp-content\/uploads\/2017\/12\/pierre-dam%C3%A9thyste.jpg?fit=1000%2C1002&ssl=1&resize=525%2C300 1.5x, https:\/\/i0.wp.com\/ganeshadreamstore.centreganesha.com\/store\/wp-content\/uploads\/2017\/12\/pierre-dam%C3%A9thyste.jpg?fit=1000%2C1002&ssl=1&resize=700%2C400 2x"},"classes":[]},{"id":1423,"url":"https:\/\/ganeshadreamstore.centreganesha.com\/store\/produit\/pendentif-fleur-de-vie\/","url_meta":{"origin":567,"position":5},"title":"Pendentif Fleur de vie","author":"Centre Ganesha","date":"26 d\u00e9cembre 2021","format":false,"excerpt":"Pendentif\u00a0 fleur de vie\u00a0 en acier inoxydable, taille : 32 mm X 30 mm avec sa cha\u00eene de 45 cm + 5cm 2 mod\u00e8les : couleur or ou argent","rel":"","context":"Article similaire","block_context":{"text":"Article similaire","link":""},"img":{"alt_text":"","src":"https:\/\/i0.wp.com\/ganeshadreamstore.centreganesha.com\/store\/wp-content\/uploads\/2021\/12\/fleur-de-vie-pendentif2.jpg?fit=428%2C403&ssl=1&resize=350%2C200","width":350,"height":200},"classes":[]}],"_links":{"self":[{"href":"https:\/\/ganeshadreamstore.centreganesha.com\/store\/wp-json\/wp\/v2\/product\/567","targetHints":{"allow":["GET"]}}],"collection":[{"href":"https:\/\/ganeshadreamstore.centreganesha.com\/store\/wp-json\/wp\/v2\/product"}],"about":[{"href":"https:\/\/ganeshadreamstore.centreganesha.com\/store\/wp-json\/wp\/v2\/types\/product"}],"wp:featuredmedia":[{"embeddable":true,"href":"https:\/\/ganeshadreamstore.centreganesha.com\/store\/wp-json\/wp\/v2\/media\/578"}],"wp:attachment":[{"href":"https:\/\/ganeshadreamstore.centreganesha.com\/store\/wp-json\/wp\/v2\/media?parent=567"}],"wp:term":[{"taxonomy":"product_brand","embeddable":true,"href":"https:\/\/ganeshadreamstore.centreganesha.com\/store\/wp-json\/wp\/v2\/product_brand?post=567"},{"taxonomy":"product_cat","embeddable":true,"href":"https:\/\/ganeshadreamstore.centreganesha.com\/store\/wp-json\/wp\/v2\/product_cat?post=567"},{"taxonomy":"product_tag","embeddable":true,"href":"https:\/\/ganeshadreamstore.centreganesha.com\/store\/wp-json\/wp\/v2\/product_tag?post=567"}],"curies":[{"name":"wp","href":"https:\/\/api.w.org\/{rel}","templated":true}]}}