{"id":320,"date":"2017-12-25T12:58:30","date_gmt":"2017-12-25T11:58:30","guid":{"rendered":"http:\/\/www.ganeshadreamstore.centreganesha.com\/store\/?post_type=product&#038;p=320"},"modified":"2025-11-28T09:49:21","modified_gmt":"2025-11-28T08:49:21","slug":"bruleur-a-huile-essentielle","status":"publish","type":"product","link":"https:\/\/ganeshadreamstore.centreganesha.com\/store\/produit\/bruleur-a-huile-essentielle\/","title":{"rendered":"Br\u00fbleur \u00e0 huile essentielle"},"content":{"rendered":"","protected":false},"excerpt":{"rendered":"<p>Br\u00fbleur \u00e0 huile essentielle en c\u00e9ramique &#8211; Petite t\u00eate de Bouddha<\/p>\n<p>Chaque article est en c\u00e9ramique et peut se suspendre au mur.<\/p>\n<p>Chaque br\u00fbleur est livr\u00e9 avec un mode d&#8217;emploi \u00e0 lire attentivement avant toute utilisation.<\/p>\n<p><b>Hauteur 8cm Largeur 8cm Profondeur 8.5cm<\/b><\/p>\n<p>C\u00e9ramique<\/p>\n","protected":false},"featured_media":321,"template":"","meta":{"jetpack_post_was_ever_published":false,"jetpack_publicize_message":"","jetpack_publicize_feature_enabled":true,"jetpack_social_post_already_shared":false,"jetpack_social_options":{"image_generator_settings":{"template":"highway","default_image_id":0,"font":"","enabled":false},"version":2}},"product_brand":[],"product_cat":[23,153],"product_tag":[54],"class_list":{"0":"post-320","1":"product","2":"type-product","3":"status-publish","4":"has-post-thumbnail","6":"product_cat-fen-shui","7":"product_cat-utilitaires","8":"product_tag-bruleur-a-huile-essentielle","10":"first","11":"instock","12":"shipping-taxable","13":"purchasable","14":"product-type-variable"},"jetpack_publicize_connections":[],"jetpack_sharing_enabled":true,"jetpack_likes_enabled":true,"jetpack-related-posts":[{"id":459,"url":"https:\/\/ganeshadreamstore.centreganesha.com\/store\/produit\/les-mugs-de-ganesh-inedits\/","url_meta":{"origin":320,"position":0},"title":"Les Mugs de Ganesh in\u00e9dits","author":"Centre Ganesha","date":"25 d\u00e9cembre 2017","format":false,"excerpt":"Mug en c\u00e9ramique blanche avec anse en forme de C en \u00e9dition limit\u00e9e, originale et exclusive. Illustr\u00e9e sur 2 faces pour que les droitiers et les gauchers puissent profiter du motif. Capacit\u00e9 de 325 ml 95 millim\u00e8tres de hauteur, 82 millim\u00e8tres de diam\u00e8tre, lavable au lave-vaisselle. 2 mod\u00e8les au choix\u2026","rel":"","context":"Article similaire","block_context":{"text":"Article similaire","link":""},"img":{"alt_text":"","src":"https:\/\/i0.wp.com\/ganeshadreamstore.centreganesha.com\/store\/wp-content\/uploads\/2017\/12\/mug-kundalini.jpg?fit=413%2C389&ssl=1&resize=350%2C200","width":350,"height":200},"classes":[]},{"id":1132,"url":"https:\/\/ganeshadreamstore.centreganesha.com\/store\/produit\/pyramide-en-orgonite\/","url_meta":{"origin":320,"position":1},"title":"Pyramide en orgonite","author":"Centre Ganesha","date":"8 mai 2021","format":false,"excerpt":"2 mod\u00e8les : Pyramide\u00a0 arbre de vie, Pyramide OM 50mm, p\u00e9ridot et Malachite","rel":"","context":"Article similaire","block_context":{"text":"Article similaire","link":""},"img":{"alt_text":"","src":"https:\/\/i0.wp.com\/ganeshadreamstore.centreganesha.com\/store\/wp-content\/uploads\/2021\/05\/pyramide-orgonite5.jpg?fit=409%2C407&ssl=1&resize=350%2C200","width":350,"height":200},"classes":[]},{"id":1259,"url":"https:\/\/ganeshadreamstore.centreganesha.com\/store\/produit\/maitre-de-sa-vie\/","url_meta":{"origin":320,"position":2},"title":"Ma\u00eetre de sa vie","author":"Centre Ganesha","date":"18 mai 2021","format":false,"excerpt":"Comment devenir le Ma\u00eetre de sa Vie\u00a0et avoir le pouvoir sur sa pens\u00e9e ? Ce cours en 10 le\u00e7ons t\u00e9l\u00e9chargeable d\u00e8s votre paiement, va vous permettre de faire un voyage int\u00e9rieur qui va transformer votre vie. D\u00e8s l'introduction, vous suivez les instructions qui vous permettrons d'acc\u00e9der \u00e0 chaque le\u00e7on. Chacune\u2026","rel":"","context":"Article similaire","block_context":{"text":"Article similaire","link":""},"img":{"alt_text":"","src":"https:\/\/i0.wp.com\/ganeshadreamstore.centreganesha.com\/store\/wp-content\/uploads\/2021\/05\/coverbook.jpg?fit=306%2C436&ssl=1&resize=350%2C200","width":350,"height":200},"classes":[]},{"id":532,"url":"https:\/\/ganeshadreamstore.centreganesha.com\/store\/produit\/pendule-en-cristal-de-roche\/","url_meta":{"origin":320,"position":3},"title":"Pendule en cristal de roche","author":"Centre Ganesha","date":"25 d\u00e9cembre 2017","format":false,"excerpt":"Pendule en cristal de roche pyramide pour pratiquer la radiesth\u00e9sie ou pour vos soins Reiki. Ce\u00a0Pendule en cristal de roche\u00a0vous permettra de d\u00e9tecter\u00a0les centres \u00e9nerg\u00e9tique de votre corps selon la\u00a0m\u00e9thode de la radiesth\u00e9sie. Il vous donnera des informations sur l'emplacement et l'\u00e9quilibre de chaque Chakra. Savoir o\u00f9 se situent vos\u2026","rel":"","context":"Article similaire","block_context":{"text":"Article similaire","link":""},"img":{"alt_text":"","src":"https:\/\/i0.wp.com\/ganeshadreamstore.centreganesha.com\/store\/wp-content\/uploads\/2017\/12\/pendule-cristal-de-roche2.jpg?fit=685%2C655&ssl=1&resize=350%2C200","width":350,"height":200,"srcset":"https:\/\/i0.wp.com\/ganeshadreamstore.centreganesha.com\/store\/wp-content\/uploads\/2017\/12\/pendule-cristal-de-roche2.jpg?fit=685%2C655&ssl=1&resize=350%2C200 1x, https:\/\/i0.wp.com\/ganeshadreamstore.centreganesha.com\/store\/wp-content\/uploads\/2017\/12\/pendule-cristal-de-roche2.jpg?fit=685%2C655&ssl=1&resize=525%2C300 1.5x"},"classes":[]},{"id":96,"url":"https:\/\/ganeshadreamstore.centreganesha.com\/store\/produit\/boite-indienne-en-papier-mache\/","url_meta":{"origin":320,"position":4},"title":"Bo\u00eete Indienne en papier m\u00e2ch\u00e9","author":"Centre Ganesha","date":"24 d\u00e9cembre 2017","format":false,"excerpt":"Cette magnifique bo\u00eete traditionnelle indienne de fabrication artisanale en papier m\u00e2ch\u00e9 trouvera sa place pour ranger vos bijoux, vos pillules ou vos secrets... sur une commode ou un meuble...pour le plaisir des yeux avec ses jolis dessins fleuris et color\u00e9s. Chaque bo\u00eete est unique et vous avez le choix entre\u2026","rel":"","context":"Article similaire","block_context":{"text":"Article similaire","link":""},"img":{"alt_text":"","src":"https:\/\/i0.wp.com\/ganeshadreamstore.centreganesha.com\/store\/wp-content\/uploads\/2017\/12\/bo%C3%AEte-indienne-papier-m%C3%A2ch%C3%A910.jpg?fit=1000%2C1000&ssl=1&resize=350%2C200","width":350,"height":200,"srcset":"https:\/\/i0.wp.com\/ganeshadreamstore.centreganesha.com\/store\/wp-content\/uploads\/2017\/12\/bo%C3%AEte-indienne-papier-m%C3%A2ch%C3%A910.jpg?fit=1000%2C1000&ssl=1&resize=350%2C200 1x, https:\/\/i0.wp.com\/ganeshadreamstore.centreganesha.com\/store\/wp-content\/uploads\/2017\/12\/bo%C3%AEte-indienne-papier-m%C3%A2ch%C3%A910.jpg?fit=1000%2C1000&ssl=1&resize=525%2C300 1.5x, https:\/\/i0.wp.com\/ganeshadreamstore.centreganesha.com\/store\/wp-content\/uploads\/2017\/12\/bo%C3%AEte-indienne-papier-m%C3%A2ch%C3%A910.jpg?fit=1000%2C1000&ssl=1&resize=700%2C400 2x"},"classes":[]},{"id":536,"url":"https:\/\/ganeshadreamstore.centreganesha.com\/store\/produit\/pendule-en-cristal-de-roche-des-7-chakras\/","url_meta":{"origin":320,"position":5},"title":"Pendule en cristal de roche des 7 Chakras","author":"Centre Ganesha","date":"25 d\u00e9cembre 2017","format":false,"excerpt":"Ce\u00a0Pendule \"Cristal de Roche et pierres des 7 Chakras\"\u00a0vous permettra de d\u00e9tecter\u00a0les centres \u00e9nerg\u00e9tique de votre corps selon la\u00a0m\u00e9thode de la radiesth\u00e9sie. Il vous donnera des informations sur l'emplacement et l'\u00e9quilibre de chaque Chakra. Savoir o\u00f9 se situent vos d\u00e9s\u00e9quilibres \u00e9nerg\u00e9tiques est la premi\u00e8re \u00e9tape pour pouvoir les traiter. D\u00e9tecter\u2026","rel":"","context":"Article similaire","block_context":{"text":"Article similaire","link":""},"img":{"alt_text":"","src":"https:\/\/i0.wp.com\/ganeshadreamstore.centreganesha.com\/store\/wp-content\/uploads\/2017\/12\/pendule-cristal-7-chakras.jpg?fit=492%2C496&ssl=1&resize=350%2C200","width":350,"height":200},"classes":[]}],"_links":{"self":[{"href":"https:\/\/ganeshadreamstore.centreganesha.com\/store\/wp-json\/wp\/v2\/product\/320","targetHints":{"allow":["GET"]}}],"collection":[{"href":"https:\/\/ganeshadreamstore.centreganesha.com\/store\/wp-json\/wp\/v2\/product"}],"about":[{"href":"https:\/\/ganeshadreamstore.centreganesha.com\/store\/wp-json\/wp\/v2\/types\/product"}],"wp:featuredmedia":[{"embeddable":true,"href":"https:\/\/ganeshadreamstore.centreganesha.com\/store\/wp-json\/wp\/v2\/media\/321"}],"wp:attachment":[{"href":"https:\/\/ganeshadreamstore.centreganesha.com\/store\/wp-json\/wp\/v2\/media?parent=320"}],"wp:term":[{"taxonomy":"product_brand","embeddable":true,"href":"https:\/\/ganeshadreamstore.centreganesha.com\/store\/wp-json\/wp\/v2\/product_brand?post=320"},{"taxonomy":"product_cat","embeddable":true,"href":"https:\/\/ganeshadreamstore.centreganesha.com\/store\/wp-json\/wp\/v2\/product_cat?post=320"},{"taxonomy":"product_tag","embeddable":true,"href":"https:\/\/ganeshadreamstore.centreganesha.com\/store\/wp-json\/wp\/v2\/product_tag?post=320"}],"curies":[{"name":"wp","href":"https:\/\/api.w.org\/{rel}","templated":true}]}}