{"id":1756,"date":"2026-03-07T14:48:43","date_gmt":"2026-03-07T13:48:43","guid":{"rendered":"https:\/\/ganeshadreamstore.centreganesha.com\/store\/?post_type=product&#038;p=1756"},"modified":"2026-03-07T14:48:43","modified_gmt":"2026-03-07T13:48:43","slug":"le-messager","status":"publish","type":"product","link":"https:\/\/ganeshadreamstore.centreganesha.com\/store\/produit\/le-messager\/","title":{"rendered":"Le messager"},"content":{"rendered":"<p>Il passe, il passe, sans s\u2019arr\u00eater,<br \/>\nL\u00e0 o\u00f9 il voudrait\u2026<br \/>\nCar on l\u2019attend, on l\u2019attend,<br \/>\nIl court, il court comme un d\u00e9rat\u00e9.<\/p>\n<p>Tout essouffl\u00e9 quand c\u2019est important,<br \/>\nOn compte sur lui, toujours vaillant.<br \/>\nIl transporte les lettres, les paquets,<br \/>\nTout ce qui est vou\u00e9 \u00e0 transiter.<\/p>\n<p>Il marche, il marche d\u2019un pas cadenc\u00e9,<br \/>\nQuand c\u2019est routinier\u2026<br \/>\nIl vole, il vole avec son air enjou\u00e9,<br \/>\nQuand il sait\u2026 qu\u2019il porte l\u2019espoir d\u2019un lendemain.<\/p>\n<p>Dans la pluie, le vent, sans jamais flancher,<br \/>\nIl trace son chemin, sans se plaindre jamais.<br \/>\nUn sourire discret quand il tend le courrier,<br \/>\nComme un secret qu\u2019il ne veut pas livrer.<\/p>\n<p>Il marche, il marche d\u2019un pas cadenc\u00e9,<br \/>\nQuand c\u2019est routinier\u2026<br \/>\nIl vole, il vole avec son air enjou\u00e9,<br \/>\nQuand il sait\u2026 qu\u2019il porte l\u2019espoir d\u2019un lendemain.<\/p>\n<p>Et s\u2019il s\u2019arr\u00eatait, juste un instant ?<br \/>\nPour lire lui aussi un mot d\u2019amour vivant\u2026<br \/>\nMais non, il repart, fid\u00e8le au devoir,<br \/>\nLe c\u0153ur en silence, le pas dans l\u2019effort.<\/p>\n<p>Il marche\u2026 il marche\u2026 d\u2019un pas fatigu\u00e9,<br \/>\nMais jamais oubli\u00e9.<br \/>\nIl vole\u2026 il vole\u2026 dans nos pens\u00e9es,<br \/>\nLe messager des jours pass\u00e9s.<\/p>\n<p><strong>\u00a0<\/strong><\/p>\n","protected":false},"excerpt":{"rendered":"<p>Chanson arrang\u00e9e &#8211; MP3<\/p>\n<p>Paroles, musique et arrangement par ChamanKa<\/p>\n<p>\u00e0 regardez sur Youtube (n&rsquo;oubliez pas de mettre un pouce \ud83d\ude00 , merci)<\/p>\n<p>https:\/\/youtu.be\/Anoh1eqGy5c<\/p>\n","protected":false},"featured_media":1758,"template":"","meta":{"jetpack_post_was_ever_published":false,"jetpack_publicize_message":"","jetpack_publicize_feature_enabled":true,"jetpack_social_post_already_shared":true,"jetpack_social_options":{"image_generator_settings":{"template":"highway","default_image_id":0,"font":"","enabled":false},"version":2}},"product_brand":[],"product_cat":[331],"product_tag":[347,345],"class_list":{"0":"post-1756","1":"product","2":"type-product","3":"status-publish","4":"has-post-thumbnail","6":"product_cat-chansons-arrangees-mp3","7":"product_tag-le-messager","8":"product_tag-mp3","10":"first","11":"instock","12":"downloadable","13":"virtual","14":"purchasable","15":"product-type-simple"},"jetpack_publicize_connections":[],"jetpack_sharing_enabled":true,"jetpack_likes_enabled":true,"jetpack-related-posts":[{"id":1688,"url":"https:\/\/ganeshadreamstore.centreganesha.com\/store\/produit\/le-moment-decisif\/","url_meta":{"origin":1756,"position":0},"title":"Le moment d\u00e9cisif","author":"Centre Ganesha","date":"25 f\u00e9vrier 2026","format":false,"excerpt":"Le moment d\u00e9cisif : chanson sur la fin de vie accompagn\u00e9e... \"Il surveillait constamment cette perfusion, Jour apr\u00e8s jour, ressentant l'\u00e9rosion, La fin approchait, un temps ind\u00e9fini, Dans son c\u0153ur r\u00e9sonnait un appel infini. Il ne voulait pas partir, non, pas encore, Sa vie se tissait dans l'ombre, un d\u00e9cor,\u2026","rel":"","context":"Article similaire","block_context":{"text":"Article similaire","link":""},"img":{"alt_text":"","src":"https:\/\/i0.wp.com\/ganeshadreamstore.centreganesha.com\/store\/wp-content\/uploads\/2026\/02\/dom-1.jpg?fit=800%2C600&ssl=1&resize=350%2C200","width":350,"height":200,"srcset":"https:\/\/i0.wp.com\/ganeshadreamstore.centreganesha.com\/store\/wp-content\/uploads\/2026\/02\/dom-1.jpg?fit=800%2C600&ssl=1&resize=350%2C200 1x, https:\/\/i0.wp.com\/ganeshadreamstore.centreganesha.com\/store\/wp-content\/uploads\/2026\/02\/dom-1.jpg?fit=800%2C600&ssl=1&resize=525%2C300 1.5x, https:\/\/i0.wp.com\/ganeshadreamstore.centreganesha.com\/store\/wp-content\/uploads\/2026\/02\/dom-1.jpg?fit=800%2C600&ssl=1&resize=700%2C400 2x"},"classes":[]},{"id":1101,"url":"https:\/\/ganeshadreamstore.centreganesha.com\/store\/produit\/tasse-en-cuivre-pour-votre-sante-et-votre-immunite\/","url_meta":{"origin":1756,"position":1},"title":"Tasse en cuivre pour votre sant\u00e9 et votre immunit\u00e9.","author":"Centre Ganesha","date":"6 mai 2021","format":false,"excerpt":"Voici Pourquoi Vous Devriez Boire Dans Une Tasse En Cuivre Le cuivre est un oligo\u00e9l\u00e9ment qui se retrouve apr\u00e8s son ingestion dans le foie, le c\u0153ur, le muscle squelettique, etc. Ce min\u00e9ral a de nombreux bienfaits sur la sant\u00e9\u00a0: nettoie les reins, lutte contre les bact\u00e9ries nocives, ralentit le vieillissement,\u2026","rel":"","context":"Article similaire","block_context":{"text":"Article similaire","link":""},"img":{"alt_text":"","src":"https:\/\/i0.wp.com\/ganeshadreamstore.centreganesha.com\/store\/wp-content\/uploads\/2021\/05\/tasse-cuivre.jpg?fit=443%2C430&ssl=1&resize=350%2C200","width":350,"height":200},"classes":[]},{"id":1711,"url":"https:\/\/ganeshadreamstore.centreganesha.com\/store\/produit\/le-couteau-rouge\/","url_meta":{"origin":1756,"position":2},"title":"Le couteau rouge","author":"Centre Ganesha","date":"28 f\u00e9vrier 2026","format":false,"excerpt":"\"Dans la faille o\u00f9 tout s\u2019ouvre, L\u00e0 o\u00f9 l\u2019\u00e2me tremble et d\u00e9couvre, Danse un couteau de nuit et de feu, Lame double, miroir de tous les dieux. Refrain : Noir, rouge, l\u2019\u00e9ternel combat, Entre cha\u00eene et vent, entre peur et \u00e9clat. L\u2019\u00e2me vacille, puis choisit son pas : Ni l\u2019un,\u2026","rel":"","context":"Article similaire","block_context":{"text":"Article similaire","link":""},"img":{"alt_text":"","src":"https:\/\/i0.wp.com\/ganeshadreamstore.centreganesha.com\/store\/wp-content\/uploads\/2026\/02\/le-couteau-rouge.jpg?fit=1200%2C686&ssl=1&resize=350%2C200","width":350,"height":200,"srcset":"https:\/\/i0.wp.com\/ganeshadreamstore.centreganesha.com\/store\/wp-content\/uploads\/2026\/02\/le-couteau-rouge.jpg?fit=1200%2C686&ssl=1&resize=350%2C200 1x, https:\/\/i0.wp.com\/ganeshadreamstore.centreganesha.com\/store\/wp-content\/uploads\/2026\/02\/le-couteau-rouge.jpg?fit=1200%2C686&ssl=1&resize=525%2C300 1.5x, https:\/\/i0.wp.com\/ganeshadreamstore.centreganesha.com\/store\/wp-content\/uploads\/2026\/02\/le-couteau-rouge.jpg?fit=1200%2C686&ssl=1&resize=700%2C400 2x, https:\/\/i0.wp.com\/ganeshadreamstore.centreganesha.com\/store\/wp-content\/uploads\/2026\/02\/le-couteau-rouge.jpg?fit=1200%2C686&ssl=1&resize=1050%2C600 3x"},"classes":[]},{"id":1791,"url":"https:\/\/ganeshadreamstore.centreganesha.com\/store\/produit\/exile\/","url_meta":{"origin":1756,"position":3},"title":"Exil\u00e9","author":"Centre Ganesha","date":"13 mars 2026","format":false,"excerpt":"Chanson compos\u00e9e par ChamanKa \u00e0 \u00e9couter sur Youtube : https:\/\/youtu.be\/zTiLiaxUjtQ","rel":"","context":"Article similaire","block_context":{"text":"Article similaire","link":""},"img":{"alt_text":"","src":"https:\/\/i0.wp.com\/ganeshadreamstore.centreganesha.com\/store\/wp-content\/uploads\/2026\/03\/exile.jpg?fit=340%2C324&ssl=1&resize=350%2C200","width":350,"height":200},"classes":[]},{"id":1787,"url":"https:\/\/ganeshadreamstore.centreganesha.com\/store\/produit\/karma\/","url_meta":{"origin":1756,"position":4},"title":"Karma","author":"Centre Ganesha","date":"13 mars 2026","format":false,"excerpt":"Chanson compos\u00e9e par ChamanKa que vous pouvez \u00e9couter sur Youtube : https:\/\/youtu.be\/op4AUaFrgfs","rel":"","context":"Article similaire","block_context":{"text":"Article similaire","link":""},"img":{"alt_text":"","src":"https:\/\/i0.wp.com\/ganeshadreamstore.centreganesha.com\/store\/wp-content\/uploads\/2026\/03\/karma.jpg?fit=1200%2C686&ssl=1&resize=350%2C200","width":350,"height":200,"srcset":"https:\/\/i0.wp.com\/ganeshadreamstore.centreganesha.com\/store\/wp-content\/uploads\/2026\/03\/karma.jpg?fit=1200%2C686&ssl=1&resize=350%2C200 1x, https:\/\/i0.wp.com\/ganeshadreamstore.centreganesha.com\/store\/wp-content\/uploads\/2026\/03\/karma.jpg?fit=1200%2C686&ssl=1&resize=525%2C300 1.5x, https:\/\/i0.wp.com\/ganeshadreamstore.centreganesha.com\/store\/wp-content\/uploads\/2026\/03\/karma.jpg?fit=1200%2C686&ssl=1&resize=700%2C400 2x, https:\/\/i0.wp.com\/ganeshadreamstore.centreganesha.com\/store\/wp-content\/uploads\/2026\/03\/karma.jpg?fit=1200%2C686&ssl=1&resize=1050%2C600 3x"},"classes":[]},{"id":1859,"url":"https:\/\/ganeshadreamstore.centreganesha.com\/store\/produit\/la-vie-secrit\/","url_meta":{"origin":1756,"position":5},"title":"La vie S&rsquo;\u00e9crit","author":"Centre Ganesha","date":"10 avril 2026","format":false,"excerpt":"Chanson compos\u00e9e (paroles, musique, arrangement, voix synth\u00e9tiseur) par ChamanKa. A regarder sur YouTube (mettez un pouce si vous aimez et abonnez-vous !) https:\/\/youtu.be\/0U5nmu8ijNk","rel":"","context":"Article similaire","block_context":{"text":"Article similaire","link":""},"img":{"alt_text":"","src":"https:\/\/i0.wp.com\/ganeshadreamstore.centreganesha.com\/store\/wp-content\/uploads\/2026\/04\/la-vie-secrit.jpg?fit=1200%2C686&ssl=1&resize=350%2C200","width":350,"height":200,"srcset":"https:\/\/i0.wp.com\/ganeshadreamstore.centreganesha.com\/store\/wp-content\/uploads\/2026\/04\/la-vie-secrit.jpg?fit=1200%2C686&ssl=1&resize=350%2C200 1x, https:\/\/i0.wp.com\/ganeshadreamstore.centreganesha.com\/store\/wp-content\/uploads\/2026\/04\/la-vie-secrit.jpg?fit=1200%2C686&ssl=1&resize=525%2C300 1.5x, https:\/\/i0.wp.com\/ganeshadreamstore.centreganesha.com\/store\/wp-content\/uploads\/2026\/04\/la-vie-secrit.jpg?fit=1200%2C686&ssl=1&resize=700%2C400 2x, https:\/\/i0.wp.com\/ganeshadreamstore.centreganesha.com\/store\/wp-content\/uploads\/2026\/04\/la-vie-secrit.jpg?fit=1200%2C686&ssl=1&resize=1050%2C600 3x"},"classes":[]}],"_links":{"self":[{"href":"https:\/\/ganeshadreamstore.centreganesha.com\/store\/wp-json\/wp\/v2\/product\/1756","targetHints":{"allow":["GET"]}}],"collection":[{"href":"https:\/\/ganeshadreamstore.centreganesha.com\/store\/wp-json\/wp\/v2\/product"}],"about":[{"href":"https:\/\/ganeshadreamstore.centreganesha.com\/store\/wp-json\/wp\/v2\/types\/product"}],"wp:featuredmedia":[{"embeddable":true,"href":"https:\/\/ganeshadreamstore.centreganesha.com\/store\/wp-json\/wp\/v2\/media\/1758"}],"wp:attachment":[{"href":"https:\/\/ganeshadreamstore.centreganesha.com\/store\/wp-json\/wp\/v2\/media?parent=1756"}],"wp:term":[{"taxonomy":"product_brand","embeddable":true,"href":"https:\/\/ganeshadreamstore.centreganesha.com\/store\/wp-json\/wp\/v2\/product_brand?post=1756"},{"taxonomy":"product_cat","embeddable":true,"href":"https:\/\/ganeshadreamstore.centreganesha.com\/store\/wp-json\/wp\/v2\/product_cat?post=1756"},{"taxonomy":"product_tag","embeddable":true,"href":"https:\/\/ganeshadreamstore.centreganesha.com\/store\/wp-json\/wp\/v2\/product_tag?post=1756"}],"curies":[{"name":"wp","href":"https:\/\/api.w.org\/{rel}","templated":true}]}}