{"id":137,"date":"2017-12-24T20:05:18","date_gmt":"2017-12-24T19:05:18","guid":{"rendered":"http:\/\/www.ganeshadreamstore.centreganesha.com\/store\/?post_type=product&#038;p=137"},"modified":"2025-11-28T09:53:17","modified_gmt":"2025-11-28T08:53:17","slug":"boite-porte-encens-avec-reserve-en-santal","status":"publish","type":"product","link":"https:\/\/ganeshadreamstore.centreganesha.com\/store\/produit\/boite-porte-encens-avec-reserve-en-santal\/","title":{"rendered":"Bo\u00eete porte-encens avec r\u00e9serve en santal"},"content":{"rendered":"","protected":false},"excerpt":{"rendered":"<p><strong>Boite porte encens en bois avec r\u00e9serve<\/strong><br \/>\nLes motifs de d\u00e9coration peuvent changer suivant les arrivages.<br \/>\nParfait pour la plupart des tailles de b\u00e2tonnets , jusqu&rsquo;\u00e0 28 cm.<\/p>\n","protected":false},"featured_media":138,"template":"","meta":{"jetpack_post_was_ever_published":false,"jetpack_publicize_message":"","jetpack_publicize_feature_enabled":true,"jetpack_social_post_already_shared":false,"jetpack_social_options":{"image_generator_settings":{"template":"highway","default_image_id":0,"font":"","enabled":false},"version":2}},"product_brand":[],"product_cat":[153],"product_tag":[40],"class_list":{"0":"post-137","1":"product","2":"type-product","3":"status-publish","4":"has-post-thumbnail","6":"product_cat-utilitaires","7":"product_tag-boite-porte-encens","9":"first","10":"instock","11":"shipping-taxable","12":"purchasable","13":"product-type-simple"},"jetpack_publicize_connections":[],"jetpack_sharing_enabled":true,"jetpack_likes_enabled":true,"jetpack-related-posts":[{"id":88,"url":"https:\/\/ganeshadreamstore.centreganesha.com\/store\/produit\/boite-en-bois-indien-sculptee-et-decoree-avec-des-incrustations-de-laiton\/","url_meta":{"origin":137,"position":0},"title":"bo\u00eete en bois indien sculpt\u00e9e et d\u00e9cor\u00e9e avec des incrustations de laiton","author":"Centre Ganesha","date":"24 d\u00e9cembre 2017","format":false,"excerpt":"Boite en bois indien d\u00e9cor laiton d'une belle taille (15cm x 10cm) pour ranger courrier, bijoux ou bien d'autres petites choses...","rel":"","context":"Article similaire","block_context":{"text":"Article similaire","link":""},"img":{"alt_text":"","src":"https:\/\/i0.wp.com\/ganeshadreamstore.centreganesha.com\/store\/wp-content\/uploads\/2017\/12\/boite-en-bois-d%C3%A9cor-laiton-2.jpg?fit=1000%2C1000&ssl=1&resize=350%2C200","width":350,"height":200,"srcset":"https:\/\/i0.wp.com\/ganeshadreamstore.centreganesha.com\/store\/wp-content\/uploads\/2017\/12\/boite-en-bois-d%C3%A9cor-laiton-2.jpg?fit=1000%2C1000&ssl=1&resize=350%2C200 1x, https:\/\/i0.wp.com\/ganeshadreamstore.centreganesha.com\/store\/wp-content\/uploads\/2017\/12\/boite-en-bois-d%C3%A9cor-laiton-2.jpg?fit=1000%2C1000&ssl=1&resize=525%2C300 1.5x, https:\/\/i0.wp.com\/ganeshadreamstore.centreganesha.com\/store\/wp-content\/uploads\/2017\/12\/boite-en-bois-d%C3%A9cor-laiton-2.jpg?fit=1000%2C1000&ssl=1&resize=700%2C400 2x"},"classes":[]},{"id":1111,"url":"https:\/\/ganeshadreamstore.centreganesha.com\/store\/produit\/coquille-dormeau\/","url_meta":{"origin":137,"position":1},"title":"Coquille d&rsquo;ormeau","author":"Centre Ganesha","date":"6 mai 2021","format":false,"excerpt":"pour br\u00fbler la sauge... ou l'encens.","rel":"","context":"Article similaire","block_context":{"text":"Article similaire","link":""},"img":{"alt_text":"","src":"https:\/\/i0.wp.com\/ganeshadreamstore.centreganesha.com\/store\/wp-content\/uploads\/2021\/05\/coquille-ormeau2.jpg?fit=440%2C444&ssl=1&resize=350%2C200","width":350,"height":200},"classes":[]},{"id":145,"url":"https:\/\/ganeshadreamstore.centreganesha.com\/store\/produit\/boite-tirelire-en-bois-incrustee-de-laiton\/","url_meta":{"origin":137,"position":2},"title":"Bo\u00eete tirelire en bois incrust\u00e9e de laiton","author":"Centre Ganesha","date":"24 d\u00e9cembre 2017","format":false,"excerpt":"Une belle Tirelire octogonale indienne en bois avec d\u00e9corations et fermeture en m\u00e9tal laiton dor\u00e9. Inscription \"Bank\" sur le dessus. Dimensions: largeur 10 cm, hauteur 14 cm.","rel":"","context":"Article similaire","block_context":{"text":"Article similaire","link":""},"img":{"alt_text":"","src":"https:\/\/i0.wp.com\/ganeshadreamstore.centreganesha.com\/store\/wp-content\/uploads\/2017\/12\/boite-en-bois-tirelire.jpg?fit=513%2C748&ssl=1&resize=350%2C200","width":350,"height":200},"classes":[]},{"id":96,"url":"https:\/\/ganeshadreamstore.centreganesha.com\/store\/produit\/boite-indienne-en-papier-mache\/","url_meta":{"origin":137,"position":3},"title":"Bo\u00eete Indienne en papier m\u00e2ch\u00e9","author":"Centre Ganesha","date":"24 d\u00e9cembre 2017","format":false,"excerpt":"Cette magnifique bo\u00eete traditionnelle indienne de fabrication artisanale en papier m\u00e2ch\u00e9 trouvera sa place pour ranger vos bijoux, vos pillules ou vos secrets... sur une commode ou un meuble...pour le plaisir des yeux avec ses jolis dessins fleuris et color\u00e9s. Chaque bo\u00eete est unique et vous avez le choix entre\u2026","rel":"","context":"Article similaire","block_context":{"text":"Article similaire","link":""},"img":{"alt_text":"","src":"https:\/\/i0.wp.com\/ganeshadreamstore.centreganesha.com\/store\/wp-content\/uploads\/2017\/12\/bo%C3%AEte-indienne-papier-m%C3%A2ch%C3%A910.jpg?fit=1000%2C1000&ssl=1&resize=350%2C200","width":350,"height":200,"srcset":"https:\/\/i0.wp.com\/ganeshadreamstore.centreganesha.com\/store\/wp-content\/uploads\/2017\/12\/bo%C3%AEte-indienne-papier-m%C3%A2ch%C3%A910.jpg?fit=1000%2C1000&ssl=1&resize=350%2C200 1x, https:\/\/i0.wp.com\/ganeshadreamstore.centreganesha.com\/store\/wp-content\/uploads\/2017\/12\/bo%C3%AEte-indienne-papier-m%C3%A2ch%C3%A910.jpg?fit=1000%2C1000&ssl=1&resize=525%2C300 1.5x, https:\/\/i0.wp.com\/ganeshadreamstore.centreganesha.com\/store\/wp-content\/uploads\/2017\/12\/bo%C3%AEte-indienne-papier-m%C3%A2ch%C3%A910.jpg?fit=1000%2C1000&ssl=1&resize=700%2C400 2x"},"classes":[]},{"id":545,"url":"https:\/\/ganeshadreamstore.centreganesha.com\/store\/produit\/porte-cle-elephant\/","url_meta":{"origin":137,"position":4},"title":"porte-cl\u00e9 \u00e9l\u00e9phant","author":"Centre Ganesha","date":"25 d\u00e9cembre 2017","format":false,"excerpt":"Porte-cl\u00e9\u00a0El\u00e9phant Dans la mythologie Bouddhiste l'\u00e9l\u00e9phant est un symbole de\u00a0puissance mentale, de paix et de prosp\u00e9rit\u00e9. Les d\u00e9fenses repr\u00e9sente\u00a0une des 7 embl\u00e8mes royales. L'\u00e9l\u00e9phant appara\u00eet \u00e9galement comme un\u00a0gardien des temples\u00a0et comme\u00a0un gardien de Bouddha en personne. Le dieu \u00e0 la t\u00eate d\u2019\u00e9l\u00e9phant est le dieu de la\u00a0sagesse et de l'intelligence,\u2026","rel":"","context":"Article similaire","block_context":{"text":"Article similaire","link":""},"img":{"alt_text":"","src":"https:\/\/i0.wp.com\/ganeshadreamstore.centreganesha.com\/store\/wp-content\/uploads\/2017\/12\/porte-cl%C3%A9-elephant2.jpg?fit=492%2C492&ssl=1&resize=350%2C200","width":350,"height":200},"classes":[]},{"id":1756,"url":"https:\/\/ganeshadreamstore.centreganesha.com\/store\/produit\/le-messager\/","url_meta":{"origin":137,"position":5},"title":"Le messager","author":"Centre Ganesha","date":"7 mars 2026","format":false,"excerpt":"Chanson arrang\u00e9e - MP3 Paroles, musique et arrangement par ChamanKa \u00e0 regardez sur Youtube (n'oubliez pas de mettre un pouce :-D , merci) https:\/\/youtu.be\/Anoh1eqGy5c","rel":"","context":"Article similaire","block_context":{"text":"Article similaire","link":""},"img":{"alt_text":"le messager","src":"https:\/\/i0.wp.com\/ganeshadreamstore.centreganesha.com\/store\/wp-content\/uploads\/2026\/03\/le-messager.jpg?fit=612%2C449&ssl=1&resize=350%2C200","width":350,"height":200,"srcset":"https:\/\/i0.wp.com\/ganeshadreamstore.centreganesha.com\/store\/wp-content\/uploads\/2026\/03\/le-messager.jpg?fit=612%2C449&ssl=1&resize=350%2C200 1x, https:\/\/i0.wp.com\/ganeshadreamstore.centreganesha.com\/store\/wp-content\/uploads\/2026\/03\/le-messager.jpg?fit=612%2C449&ssl=1&resize=525%2C300 1.5x"},"classes":[]}],"_links":{"self":[{"href":"https:\/\/ganeshadreamstore.centreganesha.com\/store\/wp-json\/wp\/v2\/product\/137","targetHints":{"allow":["GET"]}}],"collection":[{"href":"https:\/\/ganeshadreamstore.centreganesha.com\/store\/wp-json\/wp\/v2\/product"}],"about":[{"href":"https:\/\/ganeshadreamstore.centreganesha.com\/store\/wp-json\/wp\/v2\/types\/product"}],"wp:featuredmedia":[{"embeddable":true,"href":"https:\/\/ganeshadreamstore.centreganesha.com\/store\/wp-json\/wp\/v2\/media\/138"}],"wp:attachment":[{"href":"https:\/\/ganeshadreamstore.centreganesha.com\/store\/wp-json\/wp\/v2\/media?parent=137"}],"wp:term":[{"taxonomy":"product_brand","embeddable":true,"href":"https:\/\/ganeshadreamstore.centreganesha.com\/store\/wp-json\/wp\/v2\/product_brand?post=137"},{"taxonomy":"product_cat","embeddable":true,"href":"https:\/\/ganeshadreamstore.centreganesha.com\/store\/wp-json\/wp\/v2\/product_cat?post=137"},{"taxonomy":"product_tag","embeddable":true,"href":"https:\/\/ganeshadreamstore.centreganesha.com\/store\/wp-json\/wp\/v2\/product_tag?post=137"}],"curies":[{"name":"wp","href":"https:\/\/api.w.org\/{rel}","templated":true}]}}